 2380669559?
2
What is the ten thousands digit of 101995726?
9
What is the thousands digit of 42979361?
9
What is the hundred thousands digit of 4388250255?
2
What is the ten millions digit of 228540768?
2
What is the thousands digit of 83211583?
1
What is the millions digit of 783781269?
3
What is the hundred thousands digit of 189219756?
2
What is the thousands digit of 2411424733?
4
What is the millions digit of 98285256?
8
What is the ten millions digit of 171415247?
7
What is the units digit of 5149591?
1
What is the hundred thousands digit of 42035524?
0
What is the thousands digit of 84964592?
4
What is the ten thousands digit of 467107584?
0
What is the ten millions digit of 32612268?
3
What is the millions digit of 4675149128?
5
What is the ten thousands digit of 982086493?
8
What is the thousands digit of 22082048?
2
What is the ten thousands digit of 8665465?
6
What is the millions digit of 622205611?
2
What is the hundreds digit of 41625204?
2
What is the hundred thousands digit of 57097225?
0
What is the ten thousands digit of 772068192?
6
What is the ten millions digit of 1230247128?
3
What is the hundred thousands digit of 1606928713?
9
What is the hundreds digit of 291062984?
9
What is the units digit of 75877976?
6
What is the millions digit of 40139236?
0
What is the billions digit of 2282371366?
2
What is the units digit of 3794190?
0
What is the units digit of 80739618?
8
What is the ten thousands digit of 263606450?
0
What is the hundred millions digit of 632616464?
6
What is the hundreds digit of 635738784?
7
What is the hundreds digit of 254325033?
0
What is the millions digit of 13674267?
3
What is the ten millions digit of 61148358?
6
What is the millions digit of 140400447?
0
What is the ten millions digit of 520949884?
2
What is the units digit of 1854911025?
5
What is the ten millions digit of 8615505591?
1
What is the ten millions digit of 21390623?
2
What is the tens digit of 615333567?
6
What is the thousands digit of 355155704?
5
What is the thousands digit of 1194527023?
7
What is the thousands digit of 169530386?
0
What is the millions digit of 124562483?
4
What is the tens digit of 1702206635?
3
What is the hundred millions digit of 1343810445?
3
What is the tens digit of 2613495326?
2
What is the millions digit of 3925618642?
5
What is the hundred thousands digit of 109002786?
0
What is the ten millions digit of 273486802?
7
What is the hundreds digit of 559072786?
7
What is the ten millions digit of 100402434?
0
What is the units digit of 419790738?
8
What is the ten thousands digit of 142852553?
5
What is the units digit of 1413686029?
9
What is the thousands digit of 212284269?
4
What is the tens digit of 20059382?
8
What is the tens digit of 212086858?
5
What is the units digit of 51373647?
7
What is the millions digit of 909283369?
9
What is the ten thousands digit of 208481772?
8
What is the ten millions digit of 55039321?
5
What is the units digit of 658730913?
3
What is the hundred millions digit of 940118291?
9
What is the hundreds digit of 72489343?
3
What is the tens digit of 101362120?
2
What is the hundreds digit of 22768873?
8
What is the units digit of 2984996680?
0
What is the thousands digit of 1745558904?
8
What is the units digit of 27511991?
1
What is the ten millions digit of 36647009?
3
What is the hundreds digit of 145727276?
2
What is the thousands digit of 705812839?
2
What is the thousands digit of 41700731?
0
What is the thousands digit of 1002945208?
5
What is the millions digit of 51485285?
1
What is the thousands digit of 4523157778?
7
What is the hundred millions digit of 2150736180?
1
What is the ten millions digit of 57685067?
5
What is the ten thousands digit of 6855276426?
7
What is the hundreds digit of 997370295?
2
What is the thousands digit of 765327145?
7
What is the hundred millions digit of 2181166351?
1
What is the hundreds digit of 748102806?
8
What is the tens digit of 4076097831?
3
What is the units digit of 138283568?
8
What is the ten thousands digit of 64241723?
4
What is the ten thousands digit of 270585?
7
What is the ten millions digit of 2072064609?
7
What is the units digit of 90578769?
9
What is the units digit of 511858789?
9
What is the units digit of 68672001?
1
What is the units digit of 1306791102?
2
What is the ten millions digit of 316065821?
1
What is the units digit of 4881794?
4
What is the tens digit of 31472596?
9
What is the units digit of 27596955?
5
What is the millions digit of 214025592?
4
What is the millions digit of 26472697?
6
What is the thousands digit of 925260858?
0
What is the ten thousands digit of 712691928?
9
What is the ten millions digit of 31721209?
3
What is the thousands digit of 248008444?
8
What is the millions digit of 12442767?
2
What is the tens digit of 5398658?
5
What is the hundreds digit of 189469299?
2
What is the millions digit of 138757957?
8
What is the millions digit of 35904375?
5
What is the ten millions digit of 2512585866?
1
What is the hundreds digit of 654363160?
1
What is the billions digit of 2432620517?
2
What is the millions digit of 21638854?
1
What is the tens digit of 58679608?
0
What is the units digit of 9557550?
0
What is the millions digit of 20400333?
0
What is the ten thousands digit of 56003073?
0
What is the ten millions digit of 59443011?
5
What is the hundreds digit of 718285326?
3
What is the ten millions digit of 45996336?
4
What is the thousands digit of 707186144?
6
What is the hundreds digit of 68546481?
4
What is the hundreds digit of 41044802?
8
What is the hundreds digit of 84324551?
5
What is the billions digit of 1374889799?
1
What is the millions digit of 24866731?
4
What is the tens digit of 203942402?
0
What is the ten thousands digit of 494953061?
5
What is the ten thousands digit of 2226042115?
4
What is the millions digit of 1584480325?
4
What is the hundreds digit of 142519589?
5
What is the thousands digit of 322005490?
5
What is the ten millions digit of 316285229?
1
What is the tens digit of 156093486?
8
What is the ten thousands digit of 34017522?
1
What is the hundreds digit of 100148199?
1
What is the ten millions digit of 185882784?
8
What is the millions digit of 200973980?
0
What is the hundred thousands digit of 81445815?
4
What is the hundred millions digit of 2785996238?
7
What is the units digit of 73737657?
7
What is the units digit of 49892038?
8
What is the billions digit of 1431891940?
1
What is the millions digit of 45325535?
5
What is the tens digit of 86178142?
4
What is the hundreds digit of 4512696817?
8
What is the billions digit of 2234375261?
2
What is the ten thousands digit of 2824991329?
9
What is the tens digit of 5754434434?
3
What is the hundred thousands digit of 594206637?
2
What is the thousands digit of 5676846316?
6
What is the millions digit of 549841477?
9
What is the ten thousands digit of 194061461?
6
What is the millions digit of 1347804105?
7
What is the hundred thousands digit of 215555543?
5
What is the thousands digit of 5313703?
3
What is the millions digit of 771675996?
1
What is the tens digit of 114334007?
0
What is the millions digit of 4558559338?
8
What is the ten millions digit of 652146013?
5
What is the tens digit of 3850214134?
3
What is the tens digit of 179081447?
4
What is the ten thousands digit of 779191604?
9
What is the millions digit of 5086862143?
6
What is the thousands digit of 4018761040?
1
What is the hundred thousands digit of 6268749038?
7
What is the ten thousands digit of 3902234?
0
What is the ten thousands digit of 272318832?
1
What is the millions digit of 891047538?
1
What is the millions digit of 412745268?
2
What is the units digit of 72181109?
9
What is the hundreds digit of 233675788?
7
What is the millions digit of 1542064040?
2
What is the hundreds digit of 5276806?
8
What is the ten millions digit of 747123744?
4
What is the units digit of 14745779?
9
What is the tens digit of 631511951?
5
What is the ten millions digit of 217286037?
1
What is the ten thousands digit of 783794599?
9
What is the thousands digit of 42058252?
8
What is the ten millions digit of 60094980?
6
What is the ten millions digit of 85353308?
8
What is the hundreds digit of 87831292?
2
What is the thousands di